81?
2
What is the tens digit of 11227?
2
What is the tens digit of 2530?
3
What is the tens digit of 1737?
3
What is the tens digit of 949?
4
What is the tens digit of 30?
3
What is the thousands digit of 13265?
3
What is the tens digit of 2860?
6
What is the tens digit of 11887?
8
What is the thousands digit of 8930?
8
What is the thousands digit of 4731?
4
What is the thousands digit of 15334?
5
What is the tens digit of 1470?
7
What is the ten thousands digit of 33922?
3
What is the tens digit of 165138?
3
What is the units digit of 21814?
4
What is the hundreds digit of 42268?
2
What is the hundred thousands digit of 127913?
1
What is the tens digit of 36755?
5
What is the hundreds digit of 558?
5
What is the tens digit of 1025?
2
What is the thousands digit of 80692?
0
What is the units digit of 215?
5
What is the thousands digit of 71235?
1
What is the ten thousands digit of 40848?
4
What is the thousands digit of 6076?
6
What is the hundreds digit of 16228?
2
What is the hundreds digit of 699?
6
What is the units digit of 10362?
2
What is the tens digit of 136?
3
What is the tens digit of 1999?
9
What is the hundreds digit of 27853?
8
What is the units digit of 2764?
4
What is the thousands digit of 3050?
3
What is the tens digit of 563?
6
What is the hundreds digit of 703?
7
What is the units digit of 45446?
6
What is the tens digit of 41591?
9
What is the tens digit of 50?
5
What is the ten thousands digit of 30114?
3
What is the thousands digit of 26944?
6
What is the units digit of 3209?
9
What is the thousands digit of 11067?
1
What is the tens digit of 338?
3
What is the hundreds digit of 28276?
2
What is the units digit of 7207?
7
What is the hundreds digit of 9520?
5
What is the tens digit of 39134?
3
What is the thousands digit of 6105?
6
What is the tens digit of 381?
8
What is the units digit of 243?
3
What is the hundreds digit of 798?
7
What is the hundreds digit of 56353?
3
What is the units digit of 62?
2
What is the hundred thousands digit of 136599?
1
What is the hundred thousands digit of 185851?
1
What is the hundreds digit of 727?
7
What is the thousands digit of 1320?
1
What is the tens digit of 1599?
9
What is the tens digit of 4978?
7
What is the tens digit of 476?
7
What is the thousands digit of 70681?
0
What is the tens digit of 34663?
6
What is the units digit of 2366?
6
What is the tens digit of 238?
3
What is the units digit of 2561?
1
What is the hundreds digit of 124924?
9
What is the units digit of 604?
4
What is the hundreds digit of 10376?
3
What is the units digit of 4401?
1
What is the tens digit of 13353?
5
What is the thousands digit of 2681?
2
What is the units digit of 77330?
0
What is the tens digit of 691?
9
What is the units digit of 4940?
0
What is the hundreds digit of 405?
4
What is the thousands digit of 2209?
2
What is the tens digit of 1608?
0
What is the tens digit of 2751?
5
What is the hundreds digit of 856?
8
What is the hundreds digit of 649?
6
What is the hundreds digit of 11034?
0
What is the tens digit of 844?
4
What is the hundreds digit of 337?
3
What is the units digit of 563?
3
What is the units digit of 1482?
2
What is the thousands digit of 1433?
1
What is the tens digit of 13544?
4
What is the units digit of 18055?
5
What is the units digit of 9650?
0
What is the thousands digit of 75302?
5
What is the hundreds digit of 2926?
9
What is the units digit of 697?
7
What is the tens digit of 939?
3
What is the hundreds digit of 2167?
1
What is the units digit of 188?
8
What is the units digit of 882?
2
What is the units digit of 3524?
4
What is the units digit of 311?
1
What is the hundreds digit of 1128?
1
What is the hundreds digit of 421?
4
What is the thousands digit of 2706?
2
What is the units digit of 115009?
9
What is the hundreds digit of 1009?
0
What is the units digit of 538?
8
What is the thousands digit of 44053?
4
What is the tens digit of 113989?
8
What is the units digit of 277?
7
What is the tens digit of 525?
2
What is the units digit of 18268?
8
What is the hundreds digit of 452?
4
What is the thousands digit of 43236?
3
What is the units digit of 30166?
6
What is the thousands digit of 38957?
8
What is the thousands digit of 148164?
8
What is the thousands digit of 17793?
7
What is the tens digit of 2228?
2
What is the ten thousands digit of 102977?
0
What is the hundreds digit of 1557?
5
What is the tens digit of 1848?
4
What is the units digit of 600?
0
What is the thousands digit of 3647?
3
What is the hundreds digit of 9161?
1
What is the units digit of 7960?
0
What is the units digit of 4819?
9
What is the units digit of 26940?
0
What is the hundreds digit of 10723?
7
What is the units digit of 898?
8
What is the thousands digit of 1016?
1
What is the hundreds digit of 9758?
7
What is the thousands digit of 30720?
0
What is the units digit of 50263?
3
What is the units digit of 12700?
0
What is the units digit of 1293?
3
What is the tens digit of 5754?
5
What is the ten thousands digit of 39637?
3
What is the units digit of 65878?
8
What is the units digit of 95927?
7
What is the thousands digit of 1006?
1
What is the units digit of 1220?
0
What is the tens digit of 5102?
0
What is the ten thousands digit of 22399?
2
What is the units digit of 6529?
9
What is the units digit of 1705?
5
What is the tens digit of 517?
1
What is the thousands digit of 165523?
5
What is the units digit of 39926?
6
What is the tens digit of 1213?
1
What is the hundreds digit of 1468?
4
What is the hundreds digit of 2302?
3
What is the hundreds digit of 3605?
6
What is the thousands digit of 2753?
2
What is the ten thousands digit of 34107?
3
What is the thousands digit of 9575?
9
What is the hundreds digit of 853?
8
What is the tens digit of 58417?
1
What is the hundreds digit of 1770?
7
What is the tens digit of 59193?
9
What is the hundreds digit of 7696?
6
What is the hundreds digit of 19155?
1
What is the units digit of 864?
4
What is the units digit of 2219?
9
What is the tens digit of 5045?
4
What is the tens digit of 2788?
8
What is the ten thousands digit of 47469?
4
What is the units digit of 11872?
2
What is the hundreds digit of 150817?
8
What is the units digit of 24754?
4
What is the hundreds digit of 1083?
0
What is the ten thousands digit of 36589?
3
What is the ten thousands digit of 33173?
3
What is the hundreds digit of 40099?
0
What is the thousands digit of 111308?
1
What is the ten thousands digit of 15709?
1
What is the units digit of 1279?
9
What is the tens digit of 19264?
6
What is the hundreds digit of 4935?
9
What is the hundreds digit of 438?
4
What is the ten thousands digit of 11802?
1
What is the tens digit of 5283?
8
What is the tens digit of 4323?
2
What is the tens digit of 9830?
3
What is the hundreds digit of 69441?
4
What is the units digit of 11?
1
What is the thousands digit of 92109?
2
What is the hundreds digit of 3886?
8
What is the tens digit of 2875?
7
What is the tens digit of 513?
1
What is the units digit of 94656?
6
What is the units digit of 15512?
2
What is the hundreds digit of 1174?
1
What is the thousands digit of 1906?
1
What is the thousands digit of 12065?
2
What is the units digit of 921?
1
What is the hundreds digit of 921?
9
What is the units digit of 12610?
0
What is the hundreds digit of 27171?
1
What is the thousands digit of 3062?
3
What is the tens digit of 1955?
5
What is the units digit of 222?
2
What is the units digit of 10730?
0
What is the thousands digit of 43302?
3
What is the units digit of 8667?
7
What is the units digit of 23806?
6
What is the thousands digit of 2072?
2
What is the thousands digit of 3010?
3
What is the hundreds digit of 44582?
5
What is the hundreds digit of 12485?
4
What is the units digit of 4860?
0
What is the hundreds digit of 2107?
1
What is the units digit of 94?
4
What is the thousands digit of 80068?
0
What is the units digit of 717?
7
What is the units digit of 1925?
5
What is the hundreds digit of 26119?
1
What is the thousands digit of 18573?
8
What is the units digit of 4531?
1
What is the tens digit of 6999?
9
What is the tens digit of 25884?
8
What is the tens digit of 79842?
4
What is the ten thousands digit of 10214?
1
What is the hundreds digit of 8192?
1
What is